{"id":25,"date":"2025-08-21T13:38:24","date_gmt":"2025-08-21T13:38:24","guid":{"rendered":"https:\/\/zumhessenkrug.de\/?page_id=25"},"modified":"2026-03-24T12:06:48","modified_gmt":"2026-03-24T12:06:48","slug":"stellenangebote","status":"publish","type":"page","link":"https:\/\/zumhessenkrug.de\/?page_id=25","title":{"rendered":"Jobangebote"},"content":{"rendered":"\n<p class=\"has-vivid-red-color has-text-color has-link-color wp-elements-987f9a9a97be90a0543c2e130b1c89ff\" style=\"font-size:40px\">Wir suchen ab sofort:<\/p>\n\n\n\n<p class=\"has-vivid-red-color has-text-color has-link-color wp-elements-1098b811a75c3c4ea56531f40a8c6415\" style=\"font-size:20px\">Mehrere Studenten und Lieferfahrer\/inen<\/p>\n\n\n\n<p class=\"has-vivid-red-color has-text-color has-link-color has-medium-font-size wp-elements-c2684ef45165578d2becb62942cfb4d5\">f\u00fcr unseren <strong>Biergarten<\/strong> und unseren<strong> Lieferservice.<\/strong><\/p>\n\n\n\n<p class=\"has-vivid-red-color has-text-color has-link-color has-medium-font-size wp-elements-116508f4ee4d39487086206154129707\">Wenn du Interesse an einen <strong>Aushilfsjob auf 603 \u20ac-Basis <\/strong>haben, als <strong>Kellner\/Bedienung<\/strong> in unserem Biergarten (60 Pl\u00e4tze) oder als <strong>Auslieferungsfahrer\/in<\/strong> arbeiten willst, dann solltest du dich umgehend bei uns melden.<\/p>\n\n\n\n<p class=\"has-vivid-red-color has-text-color has-link-color has-medium-font-size wp-elements-5158a70a6d532f7b95f63e66c822aae2\">Wir bieten gute Bezahlung, flexible Zeiteinteilung, harmonisches Betriebsklima sowie abwechslungsreiche und interassante Arbeitsabl\u00e4ufe.<\/p>\n\n\n\n<p class=\"has-vivid-red-color has-text-color has-link-color has-medium-font-size wp-elements-59e2a445888549c4faefeaf1eae4541c\"><strong>Voraussetzung\/en<\/strong> die du mitbringen solltest sind:<\/p>\n\n\n\n<p class=\"has-vivid-red-color has-text-color has-link-color has-medium-font-size wp-elements-32f1e8a2da6470e60a9ee4d6cd7d9652\"><strong>zuverl\u00e4ssig, ehrlich, p\u00fcnktlich, deutsche Sprache (B2) und Teamf\u00e4higkeit.<\/strong><\/p>\n\n\n\n<p class=\"has-vivid-red-color has-text-color has-link-color has-medium-font-size wp-elements-01da2ca002dbd3d87c6f52aed3e80c3b\">Haben wir dein Interesse geweckt, dann ruf gleich an und vereinbare einen pers\u00f6nlichen Termin bei uns 0611 &#8211; 724 333 44.<\/p>\n\n\n\n<p><\/p>\n\n\n\n<p><\/p>\n","protected":false},"excerpt":{"rendered":"<p>Wir suchen ab sofort: Mehrere Studenten und Lieferfahrer\/inen f\u00fcr unseren Biergarten und unseren Lieferservice. Wenn du Interesse an einen Aushilfsjob auf 603 \u20ac-Basis haben, als Kellner\/Bedienung in unserem Biergarten (60 Pl\u00e4tze) oder als Auslieferungsfahrer\/in arbeiten willst, dann solltest du dich umgehend bei uns melden. Wir bieten gute Bezahlung, flexible Zeiteinteilung, harmonisches Betriebsklima sowie abwechslungsreiche und [&hellip;]<\/p>\n","protected":false},"author":1,"featured_media":0,"parent":0,"menu_order":0,"comment_status":"closed","ping_status":"closed","template":"","meta":{"footnotes":""},"class_list":["post-25","page","type-page","status-publish","hentry"],"_links":{"self":[{"href":"https:\/\/zumhessenkrug.de\/index.php?rest_route=\/wp\/v2\/pages\/25","targetHints":{"allow":["GET"]}}],"collection":[{"href":"https:\/\/zumhessenkrug.de\/index.php?rest_route=\/wp\/v2\/pages"}],"about":[{"href":"https:\/\/zumhessenkrug.de\/index.php?rest_route=\/wp\/v2\/types\/page"}],"author":[{"embeddable":true,"href":"https:\/\/zumhessenkrug.de\/index.php?rest_route=\/wp\/v2\/users\/1"}],"replies":[{"embeddable":true,"href":"https:\/\/zumhessenkrug.de\/index.php?rest_route=%2Fwp%2Fv2%2Fcomments&post=25"}],"version-history":[{"count":19,"href":"https:\/\/zumhessenkrug.de\/index.php?rest_route=\/wp\/v2\/pages\/25\/revisions"}],"predecessor-version":[{"id":1248,"href":"https:\/\/zumhessenkrug.de\/index.php?rest_route=\/wp\/v2\/pages\/25\/revisions\/1248"}],"wp:attachment":[{"href":"https:\/\/zumhessenkrug.de\/index.php?rest_route=%2Fwp%2Fv2%2Fmedia&parent=25"}],"curies":[{"name":"wp","href":"https:\/\/api.w.org\/{rel}","templated":true}]}}