{"id":945,"date":"2025-12-03T21:10:38","date_gmt":"2025-12-03T21:10:38","guid":{"rendered":"https:\/\/zumhessenkrug.de\/?page_id=945"},"modified":"2026-03-24T12:12:53","modified_gmt":"2026-03-24T12:12:53","slug":"news","status":"publish","type":"page","link":"https:\/\/zumhessenkrug.de\/?page_id=945","title":{"rendered":"NEWS"},"content":{"rendered":"\n<p class=\"has-text-align-center has-text-color has-link-color has-x-large-font-size wp-elements-6e7db378472f817d64d33c968d6988a6\" style=\"color:#f80404\"><strong>Am 5.April wieder im Zum Hessenkrug<\/strong><\/p>\n\n\n\n<p class=\"has-text-align-center has-text-color has-link-color has-x-large-font-size wp-elements-019aa23e400a8836800778eba45f82ec\" style=\"color:#f80404\"><strong>Gro\u00dfes Oster-Brunch Buffet 2<\/strong>9,90<\/p>\n\n\n\n<p class=\"has-text-align-center has-text-color has-link-color has-x-large-font-size wp-elements-fb41de3885d363ff44d433321fa5b95a\" style=\"color:#f80404\">10 &#8211; 15 Uhr<\/p>\n\n\n\n<p class=\"has-text-align-center has-luminous-vivid-amber-color has-text-color has-link-color wp-elements-a7f9951a94681f74be30c2239b15d551\" style=\"font-size:22px\"><strong>Jeden 1. Sonntag im Monat Brunch Buffet<\/strong> bis 15 Uhr, K\u00fcche a la Kart ab 16:30 Uhr<\/p>\n\n\n\n<p class=\"has-text-align-center has-pale-cyan-blue-color has-text-color has-link-color has-large-font-size wp-elements-8a4be638725143442ffa7a5c9e0fe609\">HINWEIS:<\/p>\n\n\n\n<p class=\"has-text-align-center has-pale-cyan-blue-color has-text-color has-link-color has-large-font-size wp-elements-bc5573199518914ecee3bcfb112499a2\"><strong>Ab 01.M\u00e4rz 2026 haben wir t\u00e4glich ge\u00f6ffnet! Keinen Ruhetag!<\/strong><\/p>\n\n\n\n<p class=\"has-text-align-center has-text-color has-link-color has-large-font-size wp-elements-bc8f56a88549a08b273689a9a92e4844\" style=\"color:#fd0404\"><strong>*****************<\/strong><\/p>\n\n\n\n<p class=\"has-text-align-center has-vivid-red-color has-text-color has-link-color has-medium-font-size wp-elements-f7b2a4403852864e537c8874efd81c71\"><strong>T\u00e4glich von 15 &#8211; 17 Uhr 1 St\u00fcck Kuchen oder Torte nach Wahl mit einer Tasse Kaffee nur 6,60<\/strong><\/p>\n\n\n\n<p class=\"has-text-align-center has-vivid-red-color has-text-color has-link-color wp-elements-305dc5099796d46582f5124bc96ec4df\">Espresso, Latte, Cappuccino, Tee usw. siehe hei\u00dfe Getr\u00e4nke<\/p>\n\n\n\n<p><\/p>\n","protected":false},"excerpt":{"rendered":"<p>Am 5.April wieder im Zum Hessenkrug Gro\u00dfes Oster-Brunch Buffet 29,90 10 &#8211; 15 Uhr Jeden 1. Sonntag im Monat Brunch Buffet bis 15 Uhr, K\u00fcche a la Kart ab 16:30 Uhr HINWEIS: Ab 01.M\u00e4rz 2026 haben wir t\u00e4glich ge\u00f6ffnet! Keinen Ruhetag! ***************** T\u00e4glich von 15 &#8211; 17 Uhr 1 St\u00fcck Kuchen oder Torte nach Wahl [&hellip;]<\/p>\n","protected":false},"author":1,"featured_media":0,"parent":0,"menu_order":0,"comment_status":"closed","ping_status":"closed","template":"","meta":{"footnotes":""},"class_list":["post-945","page","type-page","status-publish","hentry"],"_links":{"self":[{"href":"https:\/\/zumhessenkrug.de\/index.php?rest_route=\/wp\/v2\/pages\/945","targetHints":{"allow":["GET"]}}],"collection":[{"href":"https:\/\/zumhessenkrug.de\/index.php?rest_route=\/wp\/v2\/pages"}],"about":[{"href":"https:\/\/zumhessenkrug.de\/index.php?rest_route=\/wp\/v2\/types\/page"}],"author":[{"embeddable":true,"href":"https:\/\/zumhessenkrug.de\/index.php?rest_route=\/wp\/v2\/users\/1"}],"replies":[{"embeddable":true,"href":"https:\/\/zumhessenkrug.de\/index.php?rest_route=%2Fwp%2Fv2%2Fcomments&post=945"}],"version-history":[{"count":20,"href":"https:\/\/zumhessenkrug.de\/index.php?rest_route=\/wp\/v2\/pages\/945\/revisions"}],"predecessor-version":[{"id":1255,"href":"https:\/\/zumhessenkrug.de\/index.php?rest_route=\/wp\/v2\/pages\/945\/revisions\/1255"}],"wp:attachment":[{"href":"https:\/\/zumhessenkrug.de\/index.php?rest_route=%2Fwp%2Fv2%2Fmedia&parent=945"}],"curies":[{"name":"wp","href":"https:\/\/api.w.org\/{rel}","templated":true}]}}